hundreds digit of 923?
9
What is the units digit of 3?
3
What is the hundreds digit of 781?
7
What is the units digit of 18102?
2
What is the units digit of 866?
6
What is the tens digit of 469?
6
What is the tens digit of 5891?
9
What is the thousands digit of 152288?
2
What is the hundreds digit of 55373?
3
What is the ten thousands digit of 17335?
1
What is the tens digit of 18681?
8
What is the units digit of 1893?
3
What is the units digit of 62397?
7
What is the units digit of 854?
4
What is the tens digit of 569?
6
What is the tens digit of 31639?
3
What is the units digit of 31139?
9
What is the hundreds digit of 6472?
4
What is the tens digit of 841?
4
What is the thousands digit of 6914?
6
What is the tens digit of 28499?
9
What is the ten thousands digit of 17872?
1
What is the thousands digit of 1388?
1
What is the tens digit of 4161?
6
What is the tens digit of 6345?
4
What is the units digit of 98921?
1
What is the units digit of 76219?
9
What is the thousands digit of 9292?
9
What is the units digit of 10262?
2
What is the ten thousands digit of 152243?
5
What is the units digit of 8667?
7
What is the tens digit of 172459?
5
What is the hundreds digit of 70379?
3
What is the units digit of 27403?
3
What is the tens digit of 992?
9
What is the thousands digit of 4880?
4
What is the units digit of 1222?
2
What is the hundreds digit of 862?
8
What is the units digit of 4894?
4
What is the ten thousands digit of 17149?
1
What is the thousands digit of 3790?
3
What is the hundreds digit of 98035?
0
What is the thousands digit of 5012?
5
What is the ten thousands digit of 25121?
2
What is the hundreds digit of 558?
5
What is the hundreds digit of 95752?
7
What is the tens digit of 1599?
9
What is the thousands digit of 29403?
9
What is the hundreds digit of 46421?
4
What is the units digit of 688?
8
What is the units digit of 4095?
5
What is the hundreds digit of 2575?
5
What is the hundreds digit of 94756?
7
What is the tens digit of 1754?
5
What is the hundreds digit of 3925?
9
What is the units digit of 622?
2
What is the tens digit of 75607?
0
What is the hundreds digit of 4909?
9
What is the units digit of 26426?
6
What is the units digit of 59024?
4
What is the hundreds digit of 1631?
6
What is the hundreds digit of 58596?
5
What is the ten thousands digit of 11592?
1
What is the tens digit of 6320?
2
What is the units digit of 3341?
1
What is the units digit of 1952?
2
What is the ten thousands digit of 21533?
2
What is the tens digit of 692?
9
What is the hundreds digit of 6387?
3
What is the tens digit of 8391?
9
What is the hundreds digit of 10537?
5
What is the thousands digit of 8034?
8
What is the units digit of 2606?
6
What is the hundreds digit of 30863?
8
What is the units digit of 50508?
8
What is the tens digit of 1760?
6
What is the hundreds digit of 8245?
2
What is the units digit of 1794?
4
What is the tens digit of 8670?
7
What is the thousands digit of 4515?
4
What is the tens digit of 64188?
8
What is the hundreds digit of 983?
9
What is the hundreds digit of 136?
1
What is the tens digit of 15455?
5
What is the units digit of 29?
9
What is the hundreds digit of 7582?
5
What is the units digit of 1926?
6
What is the hundreds digit of 2736?
7
What is the units digit of 129011?
1
What is the thousands digit of 4709?
4
What is the hundreds digit of 5702?
7
What is the tens digit of 13122?
2
What is the tens digit of 1545?
4
What is the units digit of 32473?
3
What is the hundreds digit of 602?
6
What is the tens digit of 6057?
5
What is the tens digit of 1118?
1
What is the tens digit of 583?
8
What is the tens digit of 469?
6
What is the units digit of 2662?
2
What is the tens digit of 1294?
9
What is the hundreds digit of 13072?
0
What is the ten thousands digit of 14613?
1
What is the units digit of 2895?
5
What is the ten thousands digit of 32013?
3
What is the hundreds digit of 7171?
1
What is the tens digit of 2301?
0
What is the thousands digit of 20702?
0
What is the units digit of 27748?
8
What is the tens digit of 31?
3
What is the tens digit of 2748?
4
What is the hundreds digit of 517?
5
What is the hundreds digit of 2421?
4
What is the thousands digit of 1800?
1
What is the hundreds digit of 8680?
6
What is the tens digit of 27096?
9
What is the units digit of 1574?
4
What is the hundreds digit of 4605?
6
What is the thousands digit of 130596?
0
What is the units digit of 10232?
2
What is the hundreds digit of 165123?
1
What is the hundreds digit of 1237?
2
What is the thousands digit of 1444?
1
What is the hundreds digit of 4735?
7
What is the hundreds digit of 687?
6
What is the hundreds digit of 825?
8
What is the units digit of 1012?
2
What is the units digit of 68513?
3
What is the units digit of 1137?
7
What is the units digit of 602?
2
What is the tens digit of 8013?
1
What is the units digit of 4788?
8
What is the thousands digit of 1407?
1
What is the hundreds digit of 6934?
9
What is the units digit of 9166?
6
What is the units digit of 515?
5
What is the tens digit of 3048?
4
What is the tens digit of 711?
1
What is the hundreds digit of 665?
6
What is the tens digit of 49281?
8
What is the units digit of 10458?
8
What is the tens digit of 132001?
0
What is the tens digit of 2260?
6
What is the tens digit of 105171?
7
What is the tens digit of 74196?
9
What is the hundreds digit of 691?
6
What is the hundreds digit of 28733?
7
What is the ten thousands digit of 21023?
2
What is the tens digit of 3999?
9
What is the tens digit of 1390?
9
What is the tens digit of 998?
9
What is the units digit of 1705?
5
What is the units digit of 2960?
0
What is the units digit of 1038?
8
What is the hundreds digit of 1094?
0
What is the tens digit of 294?
9
What is the tens digit of 13188?
8
What is the hundreds digit of 10995?
9
What is the hundreds digit of 1436?
4
What is the tens digit of 6328?
2
What is the hundreds digit of 139653?
6
What is the hundreds digit of 927?
9
What is the units digit of 1504?
4
What is the units digit of 109020?
0
What is the ten thousands digit of 105909?
0
What is the tens digit of 2200?
0
What is the hundreds digit of 5071?
0
What is the units digit of 7676?
6
What is the units digit of 1211?
1
What is the hundreds digit of 29500?
5
What is the ten thousands digit of 92786?
9
What is the tens digit of 15495?
9
What is the hundreds digit of 30568?
5
What is the tens digit of 964?
6
What is the units digit of 67788?
8
What is the units digit of 140?
0
What is the thousands digit of 17956?
7
What is the hundreds digit of 59139?
1
What is the tens digit of 29577?
7
What is the units digit of 743?
3
What is the tens digit of 716?
1
What is the tens digit of 34605?
0
What is the tens digit of 36?
3
What is the thousands digit of 3084?
3
What is the thousands digit of 2775?
2
What is the ten thousands digit of 52657?
5
What is the units digit of 56374?
4
What is the tens digit of 2432?
3
What is the units digit of 12805?
5
What is the thousands digit of 65149?
5
What is the ten thousands digit of 14358?
1
What is the units digit of 2177?
7
What is the thousands digit of 12736?
2
What is the thousands digit of 36492?
6
What is the hundreds digit of 1185?
1
What is the hundred thousands digit of 127305?
1
What is the hundreds digit of 121923?
9
What is the tens digit of 32295?
9
What is the thousands digit of 1674?
1
What is the units digit of 15023?
3
What is the ten thousands digit of 54433?
5
What is the units digit of 243?
3
What is the tens digit of 6471?
7
What is the hundreds digit of 348?
3
What is the tens digit of 6754?
5
What is the units digit of 16548?
8
What is the hundreds digit of 781?
7
What is the thousands digit of 18341?
8
What is the units digit of 18762?
2
What is the tens digit of 7088?
8
What is the hundreds digit of 17268?
2
What is the hundreds digit of 1248?
2
What is the thousands digit of 11410?
1
What is the hundreds digit of 85537?
5
What is the units digit of 75579?
9
What is the hundreds digit of 9355?
3
What is the units digit of 12869?
9
What is the tens digit of 4289?
8
What is the thousands digit of 12895?
2
What is the units digit of 34803?
3
What is the tens digit of 27465?
6
What is the units digit of 2561?
1
What is the hundreds digit